{"id":104,"date":"2012-04-01T12:30:20","date_gmt":"2012-04-01T11:30:20","guid":{"rendered":"http:\/\/jahebu.he-hosting.de\/dpsg-huesten\/?page_id=104"},"modified":"2012-03-30T23:17:05","modified_gmt":"2012-03-30T22:17:05","slug":"links","status":"publish","type":"page","link":"https:\/\/www.dpsg-huesten.de\/?page_id=104","title":{"rendered":"Links"},"content":{"rendered":"<p>Zu \u00fcbergeordneten Verbandsebenen:<br \/>\n<a title=\"DPSG Bezirk Hochsauerland\" href=\"http:\/\/www.dpsg-hochsauerland.de\" target=\"_blank\">DPSG Bezirk Hochsauerland<\/a><br \/>\n<a title=\"DPSG Di\u00f6zesanverband Paderborn\" href=\"http:\/\/www.dpsg-paderborn.de\" target=\"_blank\">DPSG Di\u00f6zese Paderborn<\/a><br \/>\n<a title=\"DPSG Bundesverband\" href=\"http:\/\/www.dpsg.de\" target=\"_blank\">DPSG Bundesverband<\/a><\/p>\n<p>In der Gemeinde:<br \/>\n<a title=\"Gemeinde St. Petri H\u00fcsten\" href=\"http:\/\/www.st-petri-huesten.de\/\" target=\"_blank\">St. Petri H\u00fcsten<\/a><\/p>\n<p>Ausr\u00fcster:<br \/>\n<a title=\"R\u00fcsthaus\" href=\"http:\/\/www.ruesthaus.de\" target=\"_blank\">Das R\u00fcsthaus St. Georg<\/a><br \/>\n<a title=\"Wind &amp; Wetter\" href=\"http:\/\/jahebu.he-hosting.de\/dpsg-huesten\/?page_id=111\" target=\"_blank\">Wind &amp; Wetter<\/a><\/p>\n","protected":false},"excerpt":{"rendered":"<p>Zu \u00fcbergeordneten Verbandsebenen: DPSG Bezirk Hochsauerland DPSG Di\u00f6zese Paderborn DPSG Bundesverband In der Gemeinde: St. Petri H\u00fcsten Ausr\u00fcster: Das R\u00fcsthaus St. Georg Wind &amp; Wetter <a href=\"https:\/\/www.dpsg-huesten.de\/?page_id=104\" class=\"more-link\"><span class=\"screen-reader-text\">Links<\/span> weiterlesen<\/a><\/p>\n","protected":false},"author":1,"featured_media":0,"parent":8,"menu_order":10,"comment_status":"closed","ping_status":"open","template":"","meta":{"ngg_post_thumbnail":0,"footnotes":""},"_links":{"self":[{"href":"https:\/\/www.dpsg-huesten.de\/index.php?rest_route=\/wp\/v2\/pages\/104"}],"collection":[{"href":"https:\/\/www.dpsg-huesten.de\/index.php?rest_route=\/wp\/v2\/pages"}],"about":[{"href":"https:\/\/www.dpsg-huesten.de\/index.php?rest_route=\/wp\/v2\/types\/page"}],"author":[{"embeddable":true,"href":"https:\/\/www.dpsg-huesten.de\/index.php?rest_route=\/wp\/v2\/users\/1"}],"replies":[{"embeddable":true,"href":"https:\/\/www.dpsg-huesten.de\/index.php?rest_route=%2Fwp%2Fv2%2Fcomments&post=104"}],"version-history":[{"count":6,"href":"https:\/\/www.dpsg-huesten.de\/index.php?rest_route=\/wp\/v2\/pages\/104\/revisions"}],"predecessor-version":[{"id":106,"href":"https:\/\/www.dpsg-huesten.de\/index.php?rest_route=\/wp\/v2\/pages\/104\/revisions\/106"}],"up":[{"embeddable":true,"href":"https:\/\/www.dpsg-huesten.de\/index.php?rest_route=\/wp\/v2\/pages\/8"}],"wp:attachment":[{"href":"https:\/\/www.dpsg-huesten.de\/index.php?rest_route=%2Fwp%2Fv2%2Fmedia&parent=104"}],"curies":[{"name":"wp","href":"https:\/\/api.w.org\/{rel}","templated":true}]}}