{"id":1738,"date":"2020-03-25T14:14:41","date_gmt":"2020-03-25T13:14:41","guid":{"rendered":"http:\/\/www.dpsg-huesten.de\/?page_id=1738"},"modified":"2020-03-28T18:24:12","modified_gmt":"2020-03-28T17:24:12","slug":"zelte","status":"publish","type":"page","link":"https:\/\/www.dpsg-huesten.de\/?page_id=1738","title":{"rendered":"Zelte"},"content":{"rendered":"\n<p>Was w\u00e4re ein Pfadfinder ohne das Zelt? Traditionell n\u00e4chtigen wir in Schwarzzelten &#8211; also Jurte oder Kohte. Aber auch Iglus (Leichtzelte) oder Wei\u00dfzelte (z.B. Yellowstone) sind zumindest bei der DPSG nicht g\u00e4nzlich verp\u00f6hnt. Sie bieten klare Vorteile &#8211; etwa beim Thema Gewicht. Schwarzzelte hingegen sind feuerfest und sehr flexibel in ihrer Zusammensetzung &#8211; ganz klare Vorteile gegen\u00fcber anderen Zeltarten.  Hier wird euch nun gezeigt, wie ihr diese Zelte aufbaut. Viel Spa\u00df!<\/p>\n\n\n<h2>Die Jurte<\/h2>\n<p>Die Jurte ist unser gro\u00dfes Gemeinschaftszelt. Kochen, Essen, Feiern, Morgen- und Abendrunde&#8230; All dies kann hier stattfinden. Das riesige Schwarzzelt ist mit einigen Handgriffen und Tricks recht schnell aufgebaut und trotz, richtig abgespannt, nahezu jedem Sturm. Im Inneren kann ein Feuer entfacht werden, der Rauch zieht durch eine \u00d6ffnung im Dach ab.<\/p>\n<p><iframe title=\"Jurte - einfach aufbauen - Anleitung - Jurtenland\" width=\"720\" height=\"405\" src=\"https:\/\/www.youtube.com\/embed\/cS_SNYd1Lck?feature=oembed\" frameborder=\"0\" allow=\"accelerometer; autoplay; encrypted-media; gyroscope; picture-in-picture\" allowfullscreen><\/iframe><\/p>\n<h2>Die Kohte<\/h2>\n<p>Die Kohte ist das Schlafzelt. Auch sie besteht aus feurfestem schwarzen Stoff und erlaubt im Inneren ein w\u00e4rmendes Feuer, dessen Rauch auch hier durch eine \u00d6ffnugn im Dach abziehen kann.<\/p>\n<p><iframe title=\"Die Kohte aufstellen - Remake - Jurtenland\" width=\"720\" height=\"405\" src=\"https:\/\/www.youtube.com\/embed\/sc0X2pe6rjw?feature=oembed\" frameborder=\"0\" allow=\"accelerometer; autoplay; encrypted-media; gyroscope; picture-in-picture\" allowfullscreen><\/iframe><\/p>","protected":false},"excerpt":{"rendered":"<p>Was w\u00e4re ein Pfadfinder ohne das Zelt? Traditionell n\u00e4chtigen wir in Schwarzzelten &#8211; also Jurte oder Kohte. Aber auch Iglus (Leichtzelte) oder Wei\u00dfzelte (z.B. Yellowstone) sind zumindest bei der DPSG nicht g\u00e4nzlich verp\u00f6hnt. Sie bieten klare Vorteile &#8211; etwa beim Thema Gewicht. Schwarzzelte hingegen sind feuerfest und sehr flexibel in ihrer Zusammensetzung &#8211; ganz klare Vorteile gegen\u00fcber anderen Zeltarten. Hier wird euch nun gezeigt, wie ihr diese Zelte aufbaut. Viel Spa\u00df! Die Jurte Die Jurte ist unser gro\u00dfes Gemeinschaftszelt. Kochen, Essen, Feiern, Morgen- und Abendrunde&#8230; All dies kann hier stattfinden. Das riesige Schwarzzelt ist mit einigen Handgriffen und Tricks recht &hellip; <a href=\"https:\/\/www.dpsg-huesten.de\/?page_id=1738\" class=\"more-link\"><span class=\"screen-reader-text\">Zelte<\/span> weiterlesen<\/a><\/p>\n","protected":false},"author":2,"featured_media":0,"parent":597,"menu_order":0,"comment_status":"closed","ping_status":"closed","template":"","meta":{"ngg_post_thumbnail":0,"footnotes":""},"_links":{"self":[{"href":"https:\/\/www.dpsg-huesten.de\/index.php?rest_route=\/wp\/v2\/pages\/1738"}],"collection":[{"href":"https:\/\/www.dpsg-huesten.de\/index.php?rest_route=\/wp\/v2\/pages"}],"about":[{"href":"https:\/\/www.dpsg-huesten.de\/index.php?rest_route=\/wp\/v2\/types\/page"}],"author":[{"embeddable":true,"href":"https:\/\/www.dpsg-huesten.de\/index.php?rest_route=\/wp\/v2\/users\/2"}],"replies":[{"embeddable":true,"href":"https:\/\/www.dpsg-huesten.de\/index.php?rest_route=%2Fwp%2Fv2%2Fcomments&post=1738"}],"version-history":[{"count":2,"href":"https:\/\/www.dpsg-huesten.de\/index.php?rest_route=\/wp\/v2\/pages\/1738\/revisions"}],"predecessor-version":[{"id":1824,"href":"https:\/\/www.dpsg-huesten.de\/index.php?rest_route=\/wp\/v2\/pages\/1738\/revisions\/1824"}],"up":[{"embeddable":true,"href":"https:\/\/www.dpsg-huesten.de\/index.php?rest_route=\/wp\/v2\/pages\/597"}],"wp:attachment":[{"href":"https:\/\/www.dpsg-huesten.de\/index.php?rest_route=%2Fwp%2Fv2%2Fmedia&parent=1738"}],"curies":[{"name":"wp","href":"https:\/\/api.w.org\/{rel}","templated":true}]}}